{"id":3424,"date":"2025-03-03T21:24:38","date_gmt":"2025-03-04T02:24:38","guid":{"rendered":"https:\/\/struke.com.pe\/tienda\/?post_type=product&#038;p=3424"},"modified":"2026-01-25T10:59:57","modified_gmt":"2026-01-25T15:59:57","slug":"cmatic-serie-ra-ra19","status":"publish","type":"product","link":"https:\/\/struke.com.pe\/tienda\/producto\/cmatic-serie-ra-ra19\/","title":{"rendered":"CMATIC Serie RA \u2013 RA19"},"content":{"rendered":"<table style=\"width: 59.7023%;\" width=\"650\">\n<tbody>\n<tr>\n<td style=\"text-align: center; width: 14.6605%;\" width=\"95\"><strong>C\u00f3digo<\/strong><\/td>\n<td style=\"text-align: center; width: 20.679%;\" width=\"135\"><strong>Categor\u00eda<\/strong><\/td>\n<td style=\"text-align: center; width: 11.3753%;\" width=\"49\"><strong>Marca<\/strong><\/td>\n<td style=\"text-align: center; width: 25.2498%;\" width=\"119\"><strong>Denominaci\u00f3n<\/strong><\/td>\n<td style=\"text-align: center; width: 14.4551%;\" width=\"164\"><strong>Configuraci\u00f3n<\/strong><\/td>\n<td style=\"text-align: center; width: 59.5679%;\" width=\"88\"><strong>Conexi\u00f3n 1<\/strong><\/td>\n<\/tr>\n<tr>\n<td style=\"text-align: center; width: 14.6605%;\">RA1900M5<\/td>\n<td style=\"text-align: center; width: 20.679%;\">Conectores roscados<\/td>\n<td style=\"text-align: center; width: 11.3753%;\">Cmatic<\/td>\n<td style=\"text-align: center; width: 25.2498%;\">Tap\u00f3n cabeza hexagonal<\/td>\n<td style=\"text-align: center; width: 14.4551%;\">Macho<\/td>\n<td style=\"text-align: center; width: 59.5679%;\">M5<\/td>\n<\/tr>\n<tr>\n<td style=\"text-align: center; width: 14.6605%;\">RA190018<\/td>\n<td style=\"text-align: center; width: 20.679%;\">Conectores roscados<\/td>\n<td style=\"text-align: center; width: 11.3753%;\">Cmatic<\/td>\n<td style=\"text-align: center; width: 25.2498%;\">Tap\u00f3n cabeza hexagonal<\/td>\n<td style=\"text-align: center; width: 14.4551%;\">Macho<\/td>\n<td style=\"text-align: center; width: 59.5679%;\">G1\/8&#8243;<\/td>\n<\/tr>\n<tr>\n<td style=\"text-align: center; width: 14.6605%;\">RA190014<\/td>\n<td style=\"text-align: center; width: 20.679%;\">Conectores roscados<\/td>\n<td style=\"text-align: center; width: 11.3753%;\">Cmatic<\/td>\n<td style=\"text-align: center; width: 25.2498%;\">Tap\u00f3n cabeza hexagonal<\/td>\n<td style=\"text-align: center; width: 14.4551%;\">Macho<\/td>\n<td style=\"text-align: center; width: 59.5679%;\">G1\/4&#8243;<\/td>\n<\/tr>\n<tr>\n<td style=\"text-align: center; width: 14.6605%;\">RA190038<\/td>\n<td style=\"text-align: center; width: 20.679%;\">Conectores roscados<\/td>\n<td style=\"text-align: center; width: 11.3753%;\">Cmatic<\/td>\n<td style=\"text-align: center; width: 25.2498%;\">Tap\u00f3n cabeza hexagonal<\/td>\n<td style=\"text-align: center; width: 14.4551%;\">Macho<\/td>\n<td style=\"text-align: center; width: 59.5679%;\">G3\/8&#8243;<\/td>\n<\/tr>\n<tr>\n<td style=\"text-align: center; width: 14.6605%;\">RA190012<\/td>\n<td style=\"text-align: center; width: 20.679%;\">Conectores roscados<\/td>\n<td style=\"text-align: center; width: 11.3753%;\">Cmatic<\/td>\n<td style=\"text-align: center; width: 25.2498%;\">Tap\u00f3n cabeza hexagonal<\/td>\n<td style=\"text-align: center; width: 14.4551%;\">Macho<\/td>\n<td style=\"text-align: center; width: 59.5679%;\">G1\/2&#8243;<\/td>\n<\/tr>\n<tr>\n<td style=\"text-align: center; width: 14.6605%;\">RA190034<\/td>\n<td style=\"text-align: center; width: 20.679%;\">Conectores roscados<\/td>\n<td style=\"text-align: center; width: 11.3753%;\">Cmatic<\/td>\n<td style=\"text-align: center; width: 25.2498%;\">Tap\u00f3n cabeza hexagonal<\/td>\n<td style=\"text-align: center; width: 14.4551%;\">Macho<\/td>\n<td style=\"text-align: center; width: 59.5679%;\">G3\/4&#8243;<\/td>\n<\/tr>\n<tr>\n<td style=\"text-align: center; width: 14.6605%;\">RA19001<\/td>\n<td style=\"text-align: center; width: 20.679%;\">Conectores roscados<\/td>\n<td style=\"text-align: center; width: 11.3753%;\">Cmatic<\/td>\n<td style=\"text-align: center; width: 25.2498%;\">Tap\u00f3n cabeza hexagonal<\/td>\n<td style=\"text-align: center; width: 14.4551%;\">Macho<\/td>\n<td style=\"text-align: center; width: 59.5679%;\">G1&#8243;<\/td>\n<\/tr>\n<\/tbody>\n<\/table>\n","protected":false},"excerpt":{"rendered":"<p>Conector roscado.<br \/>\nPresentaci\u00f3n: tap\u00f3n con cabeza hexagonal; niquelado electrol\u00edtico<br \/>\nRosca: tipo G (BSPP)<br \/>\nPresi\u00f3n: 0 a 60 bar<br \/>\nTemperatura: -40\u00baC a 150\u00baC<\/p>\n<p><span style=\"font-size: 120%;\"><strong>INFORMACI\u00d3N T\u00c9CNICA<br \/>\n<\/strong><\/span>&#8211; <a href=\"https:\/\/struke.com.pe\/tienda\/wp-content\/uploads\/2025\/02\/RA19.jpg\">Tap\u00f3n con cabeza hexagonal RA19<\/a><br \/>\n&#8211; <a href=\"https:\/\/www.datocms-assets.com\/86553\/1718711705-ra-line-correttogiu24.pdf\">Cat\u00e1logo completo RA<\/a><\/p>\n<p>&nbsp;<\/p>\n","protected":false},"featured_media":3432,"template":"","meta":[],"pwb-brand":[18],"product_brand":[],"product_cat":[35,29],"product_tag":[],"class_list":{"0":"post-3424","1":"product","2":"type-product","3":"status-publish","4":"has-post-thumbnail","6":"pwb-brand-cmatic","7":"product_cat-conectores","8":"product_cat-conectores-roscados","10":"first","11":"instock","12":"sale","13":"taxable","14":"shipping-taxable","15":"purchasable","16":"product-type-variable"},"acf":[],"brands":[{"id":18,"name":"CMATIC Conectores, racores","slug":"cmatic"}],"_links":{"self":[{"href":"https:\/\/struke.com.pe\/tienda\/wp-json\/wp\/v2\/product\/3424","targetHints":{"allow":["GET"]}}],"collection":[{"href":"https:\/\/struke.com.pe\/tienda\/wp-json\/wp\/v2\/product"}],"about":[{"href":"https:\/\/struke.com.pe\/tienda\/wp-json\/wp\/v2\/types\/product"}],"wp:featuredmedia":[{"embeddable":true,"href":"https:\/\/struke.com.pe\/tienda\/wp-json\/wp\/v2\/media\/3432"}],"wp:attachment":[{"href":"https:\/\/struke.com.pe\/tienda\/wp-json\/wp\/v2\/media?parent=3424"}],"wp:term":[{"taxonomy":"pwb-brand","embeddable":true,"href":"https:\/\/struke.com.pe\/tienda\/wp-json\/wp\/v2\/pwb-brand?post=3424"},{"taxonomy":"product_brand","embeddable":true,"href":"https:\/\/struke.com.pe\/tienda\/wp-json\/wp\/v2\/product_brand?post=3424"},{"taxonomy":"product_cat","embeddable":true,"href":"https:\/\/struke.com.pe\/tienda\/wp-json\/wp\/v2\/product_cat?post=3424"},{"taxonomy":"product_tag","embeddable":true,"href":"https:\/\/struke.com.pe\/tienda\/wp-json\/wp\/v2\/product_tag?post=3424"}],"curies":[{"name":"wp","href":"https:\/\/api.w.org\/{rel}","templated":true}]}}