{"id":3617,"date":"2025-03-05T17:53:58","date_gmt":"2025-03-05T22:53:58","guid":{"rendered":"https:\/\/struke.com.pe\/tienda\/?post_type=product&#038;p=3617"},"modified":"2026-01-25T12:01:41","modified_gmt":"2026-01-25T17:01:41","slug":"cmatic-serie-ra-ra39","status":"publish","type":"product","link":"https:\/\/struke.com.pe\/tienda\/producto\/cmatic-serie-ra-ra39\/","title":{"rendered":"CMATIC Serie RA \u2013 RA39"},"content":{"rendered":"<table style=\"width: 65.1868%;\" width=\"769\">\n<tbody>\n<tr>\n<td style=\"text-align: center; width: 14.5864%;\" width=\"131\"><strong>C\u00f3digo<\/strong><\/td>\n<td style=\"text-align: center; width: 19.9943%;\" width=\"135\"><strong>Categor\u00eda<\/strong><\/td>\n<td style=\"text-align: center; width: 8.58034%;\" width=\"49\"><strong>Marca<\/strong><\/td>\n<td style=\"text-align: center; width: 20.2816%;\" width=\"119\"><strong>Denominaci\u00f3n<\/strong><\/td>\n<td style=\"text-align: center; width: 10.66%;\" width=\"164\"><strong>Longitud<\/strong><\/td>\n<td style=\"text-align: center; width: 12.0484%;\" width=\"88\"><strong>Conexi\u00f3n 1<\/strong><\/td>\n<td style=\"text-align: center; width: 46.9677%;\" width=\"83\"><strong>Conexi\u00f3n 2<\/strong><\/td>\n<\/tr>\n<tr>\n<td style=\"text-align: center; width: 14.5864%;\">RA391822<\/td>\n<td style=\"text-align: center; width: 19.9943%;\">Conectores roscados<\/td>\n<td style=\"text-align: center; width: 8.58034%;\">Cmatic<\/td>\n<td style=\"text-align: center; width: 20.2816%;\">Extensi\u00f3n hembra-macho<\/td>\n<td style=\"text-align: center; width: 10.66%;\">22mm<\/td>\n<td style=\"text-align: center; width: 12.0484%;\">G1\/8&#8243;<\/td>\n<td style=\"text-align: center; width: 46.9677%;\">G1\/8&#8243;<\/td>\n<\/tr>\n<tr>\n<td style=\"text-align: center; width: 14.5864%;\">RA391842<\/td>\n<td style=\"text-align: center; width: 19.9943%;\">Conectores roscados<\/td>\n<td style=\"text-align: center; width: 8.58034%;\">Cmatic<\/td>\n<td style=\"text-align: center; width: 20.2816%;\">Extensi\u00f3n hembra-macho<\/td>\n<td style=\"text-align: center; width: 10.66%;\">42mm<\/td>\n<td style=\"text-align: center; width: 12.0484%;\">G1\/8&#8243;<\/td>\n<td style=\"text-align: center; width: 46.9677%;\">G1\/8&#8243;<\/td>\n<\/tr>\n<tr>\n<td style=\"text-align: center; width: 14.5864%;\">RA391435<\/td>\n<td style=\"text-align: center; width: 19.9943%;\">Conectores roscados<\/td>\n<td style=\"text-align: center; width: 8.58034%;\">Cmatic<\/td>\n<td style=\"text-align: center; width: 20.2816%;\">Extensi\u00f3n hembra-macho<\/td>\n<td style=\"text-align: center; width: 10.66%;\">35mm<\/td>\n<td style=\"text-align: center; width: 12.0484%;\">G1\/4&#8243;<\/td>\n<td style=\"text-align: center; width: 46.9677%;\">G1\/4&#8243;<\/td>\n<\/tr>\n<tr>\n<td style=\"text-align: center; width: 14.5864%;\">RA391451<\/td>\n<td style=\"text-align: center; width: 19.9943%;\">Conectores roscados<\/td>\n<td style=\"text-align: center; width: 8.58034%;\">Cmatic<\/td>\n<td style=\"text-align: center; width: 20.2816%;\">Extensi\u00f3n hembra-macho<\/td>\n<td style=\"text-align: center; width: 10.66%;\">51mm<\/td>\n<td style=\"text-align: center; width: 12.0484%;\">G1\/4&#8243;<\/td>\n<td style=\"text-align: center; width: 46.9677%;\">G1\/4&#8243;<\/td>\n<\/tr>\n<\/tbody>\n<\/table>\n","protected":false},"excerpt":{"rendered":"<p>Conector roscado.<br \/>\nPresentaci\u00f3n: Extensi\u00f3n hembra-macho; niquelado electrol\u00edtico<br \/>\nRosca: tipo G (BSPP)<br \/>\nPresi\u00f3n: 0 a 60 bar<br \/>\nTemperatura: -40\u00baC a 150\u00baC<\/p>\n<p><span style=\"font-size: 120%;\"><strong>INFORMACI\u00d3N T\u00c9CNICA<br \/>\n<\/strong><\/span>&#8211; <a href=\"https:\/\/struke.com.pe\/tienda\/wp-content\/uploads\/2025\/02\/RA39.jpg\">Extensi\u00f3n hembra-macho RA39<\/a><br \/>\n&#8211; <a href=\"https:\/\/www.datocms-assets.com\/86553\/1718711705-ra-line-correttogiu24.pdf\">Cat\u00e1logo completo RA<\/a><\/p>\n<p>&nbsp;<\/p>\n","protected":false},"featured_media":3619,"template":"","meta":[],"pwb-brand":[18],"product_brand":[],"product_cat":[35,29],"product_tag":[],"class_list":{"0":"post-3617","1":"product","2":"type-product","3":"status-publish","4":"has-post-thumbnail","6":"pwb-brand-cmatic","7":"product_cat-conectores","8":"product_cat-conectores-roscados","10":"first","11":"instock","12":"sale","13":"taxable","14":"shipping-taxable","15":"purchasable","16":"product-type-variable"},"acf":[],"brands":[{"id":18,"name":"CMATIC Conectores, racores","slug":"cmatic"}],"_links":{"self":[{"href":"https:\/\/struke.com.pe\/tienda\/wp-json\/wp\/v2\/product\/3617","targetHints":{"allow":["GET"]}}],"collection":[{"href":"https:\/\/struke.com.pe\/tienda\/wp-json\/wp\/v2\/product"}],"about":[{"href":"https:\/\/struke.com.pe\/tienda\/wp-json\/wp\/v2\/types\/product"}],"wp:featuredmedia":[{"embeddable":true,"href":"https:\/\/struke.com.pe\/tienda\/wp-json\/wp\/v2\/media\/3619"}],"wp:attachment":[{"href":"https:\/\/struke.com.pe\/tienda\/wp-json\/wp\/v2\/media?parent=3617"}],"wp:term":[{"taxonomy":"pwb-brand","embeddable":true,"href":"https:\/\/struke.com.pe\/tienda\/wp-json\/wp\/v2\/pwb-brand?post=3617"},{"taxonomy":"product_brand","embeddable":true,"href":"https:\/\/struke.com.pe\/tienda\/wp-json\/wp\/v2\/product_brand?post=3617"},{"taxonomy":"product_cat","embeddable":true,"href":"https:\/\/struke.com.pe\/tienda\/wp-json\/wp\/v2\/product_cat?post=3617"},{"taxonomy":"product_tag","embeddable":true,"href":"https:\/\/struke.com.pe\/tienda\/wp-json\/wp\/v2\/product_tag?post=3617"}],"curies":[{"name":"wp","href":"https:\/\/api.w.org\/{rel}","templated":true}]}}